50967?
5
What is the hundreds digit of 8709546?
5
What is the hundreds digit of 9168599?
5
What is the units digit of 4425946?
6
What is the thousands digit of 9600361?
0
What is the tens digit of 197640?
4
What is the tens digit of 1047619?
1
What is the hundreds digit of 10613780?
7
What is the units digit of 3318093?
3
What is the thousands digit of 510047?
0
What is the ten thousands digit of 171197?
7
What is the hundred thousands digit of 4115227?
1
What is the units digit of 3021537?
7
What is the units digit of 303045?
5
What is the hundreds digit of 10013521?
5
What is the thousands digit of 4487163?
7
What is the thousands digit of 20891440?
1
What is the hundred thousands digit of 1676276?
6
What is the units digit of 2329538?
8
What is the hundreds digit of 9191976?
9
What is the tens digit of 209685?
8
What is the thousands digit of 10362294?
2
What is the hundreds digit of 172132?
1
What is the hundreds digit of 20858594?
5
What is the thousands digit of 23510166?
0
What is the ten thousands digit of 1835024?
3
What is the thousands digit of 1208073?
8
What is the hundreds digit of 1389153?
1
What is the ten thousands digit of 3778739?
7
What is the ten thousands digit of 5200937?
0
What is the ten thousands digit of 837454?
3
What is the thousands digit of 199155?
9
What is the ten thousands digit of 473106?
7
What is the units digit of 160568?
8
What is the hundreds digit of 14958984?
9
What is the hundreds digit of 181893?
8
What is the units digit of 51368?
8
What is the hundred thousands digit of 8663622?
6
What is the hundred thousands digit of 222785?
2
What is the hundred thousands digit of 496065?
4
What is the hundreds digit of 1124536?
5
What is the thousands digit of 609322?
9
What is the thousands digit of 261246?
1
What is the units digit of 4350679?
9
What is the tens digit of 15122?
2
What is the units digit of 752495?
5
What is the hundred thousands digit of 2413309?
4
What is the hundreds digit of 190150?
1
What is the millions digit of 24354536?
4
What is the ten millions digit of 18243483?
1
What is the thousands digit of 73485?
3
What is the ten thousands digit of 242912?
4
What is the hundred thousands digit of 1506098?
5
What is the thousands digit of 871990?
1
What is the thousands digit of 15202408?
2
What is the ten thousands digit of 506523?
0
What is the thousands digit of 322407?
2
What is the hundreds digit of 113732?
7
What is the hundreds digit of 17170607?
6
What is the thousands digit of 26780867?
0
What is the units digit of 391393?
3
What is the hundreds digit of 14473821?
8
What is the hundred thousands digit of 1893049?
8
What is the hundred thousands digit of 436822?
4
What is the thousands digit of 715274?
5
What is the units digit of 168971?
1
What is the units digit of 1074747?
7
What is the hundred thousands digit of 3429798?
4
What is the thousands digit of 652691?
2
What is the tens digit of 8230764?
6
What is the units digit of 3203454?
4
What is the tens digit of 173323?
2
What is the hundred thousands digit of 437984?
4
What is the ten thousands digit of 982880?
8
What is the thousands digit of 117640?
7
What is the ten thousands digit of 1824053?
2
What is the units digit of 2382058?
8
What is the units digit of 11398983?
3
What is the ten thousands digit of 80354?
8
What is the hundreds digit of 301460?
4
What is the millions digit of 38565760?
8
What is the thousands digit of 238665?
8
What is the ten thousands digit of 634272?
3
What is the hundreds digit of 3230851?
8
What is the millions digit of 4175242?
4
What is the units digit of 7064354?
4
What is the hundreds digit of 119033?
0
What is the hundred thousands digit of 331540?
3
What is the units digit of 176212?
2
What is the thousands digit of 4271683?
1
What is the units digit of 1534381?
1
What is the thousands digit of 4410510?
0
What is the units digit of 31533650?
0
What is the millions digit of 1194739?
1
What is the units digit of 4849552?
2
What is the ten thousands digit of 172647?
7
What is the tens digit of 1478439?
3
What is the hundred thousands digit of 1386956?
3
What is the hundreds digit of 19375155?
1
What is the ten thousands digit of 20085977?
8
What is the hundreds digit of 760183?
1
What is the units digit of 2609779?
9
What is the ten thousands digit of 736424?
3
What is the tens digit of 197034?
3
What is the tens digit of 4050152?
5
What is the hundred thousands digit of 4505422?
5
What is the hundred thousands digit of 4091619?
0
What is the ten thousands digit of 6439827?
3
What is the units digit of 935815?
5
What is the ten thousands digit of 7673150?
7
What is the units digit of 438665?
5
What is the thousands digit of 716701?
6
What is the hundreds digit of 437770?
7
What is the ten thousands digit of 2980481?
8
What is the ten thousands digit of 11567144?
6
What is the millions digit of 1181652?
1
What is the units digit of 402568?
8
What is the hundred thousands digit of 14227110?
2
What is the tens digit of 207389?
8
What is the units digit of 18669439?
9
What is the thousands digit of 4084348?
4
What is the units digit of 781992?
2
What is the thousands digit of 16406?
6
What is the millions digit of 2867237?
2
What is the hundred thousands digit of 6217032?
2
What is the ten thousands digit of 177788?
7
What is the thousands digit of 672035?
2
What is the thousands digit of 1377606?
7
What is the hundreds digit of 34971473?
4
What is the hundred thousands digit of 320856?
3
What is the units digit of 2338502?
2
What is the units digit of 3996246?
6
What is the hundred thousands digit of 331319?
3
What is the millions digit of 8866757?
8
What is the units digit of 20453456?
6
What is the hundreds digit of 956087?
0
What is the units digit of 509182?
2
What is the thousands digit of 12746396?
6
What is the ten thousands digit of 12573933?
7
What is the tens digit of 6113278?
7
What is the thousands digit of 15457468?
7
What is the ten thousands digit of 235086?
3
What is the ten thousands digit of 456926?
5
What is the tens digit of 10316294?
9
What is the ten thousands digit of 5307059?
0
What is the tens digit of 1590842?
4
What is the ten thousands digit of 235716?
3
What is the units digit of 223147?
7
What is the tens digit of 237388?
8
What is the hundreds digit of 6263967?
9
What is the ten thousands digit of 879649?
7
What is the thousands digit of 229943?
9
What is the units digit of 5381927?
7
What is the units digit of 2851970?
0
What is the units digit of 572392?
2
What is the ten thousands digit of 92692?
9
What is the units digit of 11573122?
2
What is the ten thousands digit of 1884640?
8
What is the ten thousands digit of 120557?
2
What is the units digit of 197903?
3
What is the tens digit of 399404?
0
What is the hundred thousands digit of 5633576?
6
What is the ten millions digit of 15142896?
1
What is the tens digit of 5596834?
3
What is the thousands digit of 266723?
6
What is the units digit of 31902?
2
What is the thousands digit of 13023003?
3
What is the units digit of 1098693?
3
What is the units digit of 3967850?
0
What is the thousands digit of 100048?
0
What is the ten thousands digit of 5280760?
8
What is the units digit of 1761561?
1
What is the millions digit of 1046549?
1
What is the hundred thousands digit of 582763?
5
What is the millions digit of 1089976?
1
What is the millions digit of 1556456?
1
What is the hundred thousands digit of 2375969?
3
What is the ten thousands digit of 8759001?
5
What is the hundred thousands digit of 144018?
1
What is the thousands digit of 166818?
6
What is the hundred thousands digit of 1667932?
6
What is the ten thousands digit of 70172?
7
What is the hundreds digit of 36366633?
6
What is the thousands digit of 387542?
7
What is the hundred thousands digit of 15541158?
5
What is the hundreds digit of 118012?
0
What is the units digit of 298801?
1
What is the millions digit of 1285880?
1
What is the thousands digit of 2187287?
7
What is the units digit of 649912?
2
What is the tens digit of 60235?
3
What is the tens digit of 3308571?
7
What is the thousands digit of 23237?
3
What is the hundred thousands digit of 320061?
3
What is the units digit of 438353?
3
What is the tens digit of 666020?
2
What is the hundreds d